[INFO] fetching crate macaroon-asml-fork 0.1.0...
[INFO] checking macaroon-asml-fork-0.1.0 against master#9610dfe5a9a731ced1ea4923ecbd0c57fe367898 for beta-170-4
[INFO] extracting crate macaroon-asml-fork 0.1.0 into /workspace/builds/worker-3-tc1/source
[INFO] validating manifest of crates.io crate macaroon-asml-fork 0.1.0 on toolchain 9610dfe5a9a731ced1ea4923ecbd0c57fe367898
[INFO] running `Command { std: CARGO_HOME="/workspace/cargo-home" RUSTUP_HOME="/workspace/rustup-home" "/workspace/cargo-home/bin/cargo" "+9610dfe5a9a731ced1ea4923ecbd0c57fe367898" "metadata" "--manifest-path" "Cargo.toml" "--no-deps", kill_on_drop: false }`
[INFO] started tweaking crates.io crate macaroon-asml-fork 0.1.0
[INFO] finished tweaking crates.io crate macaroon-asml-fork 0.1.0
[INFO] tweaked toml for crates.io crate macaroon-asml-fork 0.1.0 written to /workspace/builds/worker-3-tc1/source/Cargo.toml
[INFO] running `Command { std: CARGO_HOME="/workspace/cargo-home" RUSTUP_HOME="/workspace/rustup-home" __CARGO_TEST_CHANNEL_OVERRIDE_DO_NOT_USE_THIS="nightly" "/workspace/cargo-home/bin/cargo" "+9610dfe5a9a731ced1ea4923ecbd0c57fe367898" "generate-lockfile" "--manifest-path" "Cargo.toml" "-Zno-index-update", kill_on_drop: false }`
[INFO] running `Command { std: CARGO_HOME="/workspace/cargo-home" RUSTUP_HOME="/workspace/rustup-home" "/workspace/cargo-home/bin/cargo" "+9610dfe5a9a731ced1ea4923ecbd0c57fe367898" "fetch" "--manifest-path" "Cargo.toml", kill_on_drop: false }`
[INFO] [stderr]  Downloading crates ...
[INFO] [stderr]   Downloaded universal-hash v0.5.1
[INFO] [stderr]   Downloaded aead v0.5.2
[INFO] [stderr]   Downloaded chacha20 v0.9.1
[INFO] [stderr]   Downloaded poly1305 v0.8.0
[INFO] [stderr]   Downloaded chacha20poly1305 v0.10.1
[INFO] running `Command { std: "docker" "create" "-v" "/var/lib/crater-agent-workspace/builds/worker-3-tc1/target:/opt/rustwide/target:rw,Z" "-v" "/var/lib/crater-agent-workspace/builds/worker-3-tc1/source:/opt/rustwide/workdir:ro,Z" "-v" "/var/lib/crater-agent-workspace/cargo-home:/opt/rustwide/cargo-home:ro,Z" "-v" "/var/lib/crater-agent-workspace/rustup-home:/opt/rustwide/rustup-home:ro,Z" "-e" "SOURCE_DIR=/opt/rustwide/workdir" "-e" "CARGO_TARGET_DIR=/opt/rustwide/target" "-e" "CARGO_HOME=/opt/rustwide/cargo-home" "-e" "RUSTUP_HOME=/opt/rustwide/rustup-home" "-w" "/opt/rustwide/workdir" "-m" "1610612736" "--user" "0:0" "--network" "none" "ghcr.io/rust-lang/crates-build-env/linux@sha256:19e73879b68f455e41552ea35293514db52ea292d993f571636dbffedb77a1ee" "/opt/rustwide/cargo-home/bin/cargo" "+9610dfe5a9a731ced1ea4923ecbd0c57fe367898" "metadata" "--no-deps" "--format-version=1", kill_on_drop: false }`
[INFO] [stdout] 0207f711175cd529412d9613ad14af7dd18628d5dbc3a46721721084c37c6543
[INFO] running `Command { std: "docker" "start" "-a" "0207f711175cd529412d9613ad14af7dd18628d5dbc3a46721721084c37c6543", kill_on_drop: false }`
[INFO] running `Command { std: "docker" "inspect" "0207f711175cd529412d9613ad14af7dd18628d5dbc3a46721721084c37c6543", kill_on_drop: false }`
[INFO] running `Command { std: "docker" "rm" "-f" "0207f711175cd529412d9613ad14af7dd18628d5dbc3a46721721084c37c6543", kill_on_drop: false }`
[INFO] [stdout] 0207f711175cd529412d9613ad14af7dd18628d5dbc3a46721721084c37c6543
[INFO] running `Command { std: "docker" "create" "-v" "/var/lib/crater-agent-workspace/builds/worker-3-tc1/target:/opt/rustwide/target:rw,Z" "-v" "/var/lib/crater-agent-workspace/builds/worker-3-tc1/source:/opt/rustwide/workdir:ro,Z" "-v" "/var/lib/crater-agent-workspace/cargo-home:/opt/rustwide/cargo-home:ro,Z" "-v" "/var/lib/crater-agent-workspace/rustup-home:/opt/rustwide/rustup-home:ro,Z" "-e" "SOURCE_DIR=/opt/rustwide/workdir" "-e" "CARGO_TARGET_DIR=/opt/rustwide/target" "-e" "CARGO_INCREMENTAL=0" "-e" "RUST_BACKTRACE=full" "-e" "RUSTFLAGS=--cap-lints=forbid" "-e" "RUSTDOCFLAGS=--cap-lints=forbid" "-e" "CARGO_HOME=/opt/rustwide/cargo-home" "-e" "RUSTUP_HOME=/opt/rustwide/rustup-home" "-w" "/opt/rustwide/workdir" "-m" "1610612736" "--user" "0:0" "--network" "none" "ghcr.io/rust-lang/crates-build-env/linux@sha256:19e73879b68f455e41552ea35293514db52ea292d993f571636dbffedb77a1ee" "/opt/rustwide/cargo-home/bin/cargo" "+9610dfe5a9a731ced1ea4923ecbd0c57fe367898" "check" "--frozen" "--all" "--all-targets" "--message-format=json", kill_on_drop: false }`
[INFO] [stdout] de78067e1af2f357eb17ef005471bf0580c0b349bb19fee4a4f5756875a6ca73
[INFO] running `Command { std: "docker" "start" "-a" "de78067e1af2f357eb17ef005471bf0580c0b349bb19fee4a4f5756875a6ca73", kill_on_drop: false }`
[INFO] [stderr]    Compiling proc-macro2 v1.0.59
[INFO] [stderr]     Checking subtle v2.5.0
[INFO] [stderr]     Checking getrandom v0.2.9
[INFO] [stderr]    Compiling io-lifetimes v1.0.11
[INFO] [stderr]     Checking zeroize v1.6.0
[INFO] [stderr]    Compiling rustix v0.37.19
[INFO] [stderr]    Compiling serde v1.0.163
[INFO] [stderr]     Checking inout v0.1.3
[INFO] [stderr]     Checking ppv-lite86 v0.2.17
[INFO] [stderr]    Compiling serde_json v1.0.96
[INFO] [stderr]     Checking regex-syntax v0.7.2
[INFO] [stderr]     Checking rand_core v0.6.4
[INFO] [stderr]     Checking crypto-common v0.1.6
[INFO] [stderr]     Checking termcolor v1.2.0
[INFO] [stderr]     Checking digest v0.10.7
[INFO] [stderr]     Checking cipher v0.4.4
[INFO] [stderr]     Checking universal-hash v0.5.1
[INFO] [stderr]     Checking rand_chacha v0.3.1
[INFO] [stderr]     Checking poly1305 v0.8.0
[INFO] [stderr]     Checking aead v0.5.2
[INFO] [stderr]     Checking sha2 v0.10.6
[INFO] [stderr]     Checking chacha20 v0.9.1
[INFO] [stderr]     Checking rand v0.8.5
[INFO] [stderr]     Checking hmac v0.12.1
[INFO] [stderr]     Checking time-core v0.1.1
[INFO] [stderr]    Compiling quote v1.0.28
[INFO] [stderr]     Checking base64 v0.20.0
[INFO] [stderr]     Checking humantime v2.1.0
[INFO] [stderr]     Checking chacha20poly1305 v0.10.1
[INFO] [stderr]     Checking time v0.3.21
[INFO] [stderr]    Compiling syn v2.0.18
[INFO] [stderr]     Checking regex v1.8.3
[INFO] [stderr]     Checking is-terminal v0.4.7
[INFO] [stderr]     Checking env_logger v0.10.0
[INFO] [stderr]    Compiling serde_derive v1.0.163
[INFO] [stderr]     Checking macaroon-asml-fork v0.1.0 (/opt/rustwide/workdir)
[INFO] [stdout] error[E0432]: unresolved import `macaroon`
[INFO] [stdout]  --> tests/compat_macarooncompat.rs:3:5
[INFO] [stdout]   |
[INFO] [stdout] 3 | use macaroon::{Macaroon, MacaroonKey};
[INFO] [stdout]   |     ^^^^^^^^ use of undeclared crate or module `macaroon`
[INFO] [stdout] 
[INFO] [stdout] 
[INFO] [stdout] error[E0432]: unresolved import `macaroon`
[INFO] [stdout]  --> tests/compat_libmacaroons.rs:5:5
[INFO] [stdout]   |
[INFO] [stdout] 5 | use macaroon::{ByteString, Caveat, Format, Macaroon, MacaroonKey, NO_PAD_URL_SAFE_ENGINE, Verifier};
[INFO] [stdout]   |     ^^^^^^^^ use of undeclared crate or module `macaroon`
[INFO] [stdout] 
[INFO] [stdout] 
[INFO] [stdout] error[E0432]: unresolved import `macaroon`
[INFO] [stdout]  --> tests/compat_pymacaroons.rs:3:5
[INFO] [stdout]   |
[INFO] [stdout] 3 | use macaroon::{Format, Macaroon, MacaroonError, MacaroonKey, NO_PAD_URL_SAFE_ENGINE};
[INFO] [stdout]   |     ^^^^^^^^ use of undeclared crate or module `macaroon`
[INFO] [stdout] 
[INFO] [stdout] 
[INFO] [stdout] error: aborting due to previous error
[INFO] [stdout] 
[INFO] [stdout] 
[INFO] [stdout] For more information about this error, try `rustc --explain E0432`.
[INFO] [stdout] 
[INFO] [stderr] error: could not compile `macaroon-asml-fork` (test "compat_macarooncompat") due to 2 previous errors
[INFO] [stderr] warning: build failed, waiting for other jobs to finish...
[INFO] [stdout] error: aborting due to previous error
[INFO] [stdout] 
[INFO] [stdout] 
[INFO] [stdout] For more information about this error, try `rustc --explain E0432`.
[INFO] [stdout] 
[INFO] [stderr] error: could not compile `macaroon-asml-fork` (test "compat_pymacaroons") due to 2 previous errors
[INFO] [stdout] error: aborting due to previous error
[INFO] [stdout] 
[INFO] [stdout] 
[INFO] [stdout] For more information about this error, try `rustc --explain E0432`.
[INFO] [stdout] 
[INFO] [stderr] error: could not compile `macaroon-asml-fork` (test "compat_libmacaroons") due to 2 previous errors
[INFO] running `Command { std: "docker" "inspect" "de78067e1af2f357eb17ef005471bf0580c0b349bb19fee4a4f5756875a6ca73", kill_on_drop: false }`
[INFO] running `Command { std: "docker" "rm" "-f" "de78067e1af2f357eb17ef005471bf0580c0b349bb19fee4a4f5756875a6ca73", kill_on_drop: false }`
[INFO] [stdout] de78067e1af2f357eb17ef005471bf0580c0b349bb19fee4a4f5756875a6ca73
